[INFO] cloning repository https://github.com/simmons/webrtc-demo-client
[INFO] running `Command { std: "git" "-c" "credential.helper=" "-c" "credential.helper=/workspace/cargo-home/bin/git-credential-null" "clone" "--bare" "https://github.com/simmons/webrtc-demo-client" "/workspace/cache/git-repos/https%3A%2F%2Fgithub.com%2Fsimmons%2Fwebrtc-demo-client", kill_on_drop: false }`
[INFO] [stderr] Cloning into bare repository '/workspace/cache/git-repos/https%3A%2F%2Fgithub.com%2Fsimmons%2Fwebrtc-demo-client'...
[INFO] running `Command { std: "git" "rev-parse" "HEAD", kill_on_drop: false }`
[INFO] [stdout] c6a26e3a4c1bc1780942597893d22f496a63b4b9
[INFO] checking simmons/webrtc-demo-client against try#72f88fc4e9458f89516a0b8b0868f3718aec5b47 for pr-74989
[INFO] running `Command { std: "git" "clone" "/workspace/cache/git-repos/https%3A%2F%2Fgithub.com%2Fsimmons%2Fwebrtc-demo-client" "/workspace/builds/worker-12/source", kill_on_drop: false }`
[INFO] [stderr] Cloning into '/workspace/builds/worker-12/source'...
[INFO] [stderr] done.
[INFO] validating manifest of git repo https://github.com/simmons/webrtc-demo-client on toolchain 72f88fc4e9458f89516a0b8b0868f3718aec5b47
[INFO] running `Command { std: "/workspace/cargo-home/bin/cargo" "+72f88fc4e9458f89516a0b8b0868f3718aec5b47" "read-manifest" "--manifest-path" "Cargo.toml", kill_on_drop: false }`
[INFO] started tweaking git repo https://github.com/simmons/webrtc-demo-client
[INFO] removed path dependency webrtc-sctp from git repo https://github.com/simmons/webrtc-demo-client
[INFO] finished tweaking git repo https://github.com/simmons/webrtc-demo-client
[INFO] tweaked toml for git repo https://github.com/simmons/webrtc-demo-client written to /workspace/builds/worker-12/source/Cargo.toml
[INFO] crate git repo https://github.com/simmons/webrtc-demo-client already has a lockfile, it will not be regenerated
[INFO] running `Command { std: "/workspace/cargo-home/bin/cargo" "+72f88fc4e9458f89516a0b8b0868f3718aec5b47" "fetch" "--locked" "--manifest-path" "Cargo.toml", kill_on_drop: false }`
[INFO] [stderr] warning: dependency (webrtc-sctp) specified without providing a local path, Git repository, or version to use. This will be considered an error in future versions
[INFO] [stderr]     Updating crates.io index
[INFO] [stderr] error: the lock file /workspace/builds/worker-12/source/Cargo.lock needs to be updated but --locked was passed to prevent this
[INFO] [stderr] If you want to try to generate the lock file without accessing the network, use the --offline flag.
[INFO] the lockfile is outdated, regenerating it
[INFO] running `Command { std: "/workspace/cargo-home/bin/cargo" "+72f88fc4e9458f89516a0b8b0868f3718aec5b47" "generate-lockfile" "--manifest-path" "Cargo.toml" "-Zno-index-update", kill_on_drop: false }`
[INFO] running `Command { std: "/workspace/cargo-home/bin/cargo" "+72f88fc4e9458f89516a0b8b0868f3718aec5b47" "fetch" "--locked" "--manifest-path" "Cargo.toml", kill_on_drop: false }`
[INFO] [stderr] warning: dependency (webrtc-sctp) specified without providing a local path, Git repository, or version to use. This will be considered an error in future versions
[INFO] [stderr]  Downloading crates ...
[INFO] [stderr]   Downloaded tokio-udp v0.1.6
[INFO] [stderr]   Downloaded crossbeam-queue v0.2.3
[INFO] [stderr]   Downloaded memoffset v0.5.5
[INFO] [stderr]   Downloaded tokio-fs v0.1.7
[INFO] [stderr]   Downloaded tokio-tls v0.2.1
[INFO] [stderr]   Downloaded openssl-probe v0.1.2
[INFO] [stderr]   Downloaded pkg-config v0.3.18
[INFO] [stderr]   Downloaded tokio-openssl v0.2.1
[INFO] [stderr]   Downloaded tokio-dns-unofficial v0.3.1
[INFO] [stderr]   Downloaded env_logger v0.5.13
[INFO] [stderr]   Downloaded memchr v1.0.2
[INFO] [stderr]   Downloaded ryu v1.0.5
[INFO] [stderr]   Downloaded unicode-width v0.1.8
[INFO] [stderr]   Downloaded adler v0.2.3
[INFO] [stderr]   Downloaded utf-8 v0.7.5
[INFO] [stderr]   Downloaded rustc-demangle v0.1.16
[INFO] [stderr]   Downloaded time v0.1.44
[INFO] [stderr]   Downloaded crc v1.8.1
[INFO] [stderr]   Downloaded addr2line v0.13.0
[INFO] [stderr]   Downloaded constant_time_eq v0.1.5
[INFO] [stderr]   Downloaded miniz_oxide v0.4.2
[INFO] [stderr]   Downloaded openssl v0.10.30
[INFO] [stderr]   Downloaded backtrace v0.3.50
[INFO] [stderr]   Downloaded syn v1.0.41
[INFO] [stderr]   Downloaded object v0.20.0
[INFO] [stderr]   Downloaded clap v2.33.3
[INFO] [stderr]   Downloaded gimli v0.22.0
[INFO] [stderr]   Downloaded tokio-tungstenite v0.6.0
[INFO] [stderr]   Downloaded webrtc-sctp v0.0.0
[INFO] [stderr]   Downloaded blake2 v0.7.1
[INFO] [stderr]   Downloaded candidateparser v0.2.0
[INFO] [stderr]   Downloaded tungstenite v0.6.1
[INFO] [stderr]   Downloaded rand v0.5.6
[INFO] [stderr]   Downloaded nom v4.2.3
[INFO] [stderr]   Downloaded build_const v0.2.1
[INFO] [stderr]   Downloaded rand_core v0.4.2
[INFO] [stderr]   Downloaded rand_core v0.3.1
[INFO] [stderr]   Downloaded quick-error v1.2.3
[INFO] [stderr]   Downloaded humantime v1.3.0
[INFO] [stderr]   Downloaded termcolor v1.1.0
[INFO] [stderr]   Downloaded proc-macro2 v1.0.21
[INFO] [stderr]   Downloaded serde_derive v1.0.116
[INFO] [stderr]   Downloaded itoa v0.4.6
[INFO] [stderr]   Downloaded serde v1.0.116
[INFO] [stderr]   Downloaded serde_json v1.0.57
[INFO] [stderr]   Downloaded byte-tools v0.2.0
[INFO] [stderr]   Downloaded crypto-mac v0.5.2
[INFO] [stderr]   Downloaded generic-array v0.9.0
[INFO] [stderr]   Downloaded digest v0.7.6
[INFO] [stderr]   Downloaded fuchsia-cprng v0.1.1
[INFO] [stderr]   Downloaded wasi v0.10.0+wasi-snapshot-preview1
[INFO] [stderr]   Downloaded scoped-tls v0.1.2
[INFO] [stderr]   Downloaded nom v3.2.1
[INFO] [stderr]   Downloaded aho-corasick v0.6.10
[INFO] [stderr]   Downloaded ucd-util v0.1.8
[INFO] [stderr]   Downloaded utf8-ranges v1.0.4
[INFO] [stderr]   Downloaded winapi-util v0.1.5
[INFO] [stderr]   Downloaded c_linked_list v1.1.1
[INFO] [stderr]   Downloaded gcc v0.3.55
[INFO] [stderr]   Downloaded get_if_addrs-sys v0.1.1
[INFO] [stderr]   Downloaded get_if_addrs v0.5.3
[INFO] [stderr]   Downloaded hex v0.3.2
[INFO] [stderr]   Downloaded input_buffer v0.2.0
[INFO] [stderr]   Downloaded openssl-sys v0.9.58
[INFO] [stderr]   Downloaded schannel v0.1.19
[INFO] [stderr]   Downloaded native-tls v0.2.4
[INFO] [stderr]   Downloaded vcpkg v0.2.10
[INFO] [stderr]   Downloaded getrandom v0.1.15
[INFO] [stderr]   Downloaded base64 v0.10.1
[INFO] [stderr]   Downloaded core-foundation v0.7.0
[INFO] [stderr]   Downloaded security-framework v0.4.4
[INFO] [stderr]   Downloaded core-foundation-sys v0.7.0
[INFO] [stderr]   Downloaded security-framework-sys v0.4.3
[INFO] [stderr]   Downloaded sha-1 v0.8.2
[INFO] [stderr]   Downloaded tokio-codec v0.1.2
[INFO] [stderr]   Downloaded tokio-core v0.1.17
[INFO] [stderr]   Downloaded net2 v0.2.35
[INFO] [stderr]   Downloaded mio-uds v0.6.8
[INFO] [stderr]   Downloaded fnv v1.0.7
[INFO] [stderr]   Downloaded tokio-uds v0.2.7
[INFO] [stderr]   Downloaded redox_syscall v0.1.57
[INFO] [stderr]   Downloaded slab v0.3.0
[INFO] [stderr]   Downloaded tokio-timer v0.1.2
[INFO] running `Command { std: "docker" "create" "-v" "/var/lib/crater-agent-workspace/builds/worker-12/target:/opt/rustwide/target:rw,Z" "-v" "/var/lib/crater-agent-workspace/builds/worker-12/source:/opt/rustwide/workdir:ro,Z" "-v" "/var/lib/crater-agent-workspace/cargo-home:/opt/rustwide/cargo-home:ro,Z" "-v" "/var/lib/crater-agent-workspace/rustup-home:/opt/rustwide/rustup-home:ro,Z" "-e" "SOURCE_DIR=/opt/rustwide/workdir" "-e" "CARGO_TARGET_DIR=/opt/rustwide/target" "-e" "CARGO_HOME=/opt/rustwide/cargo-home" "-e" "RUSTUP_HOME=/opt/rustwide/rustup-home" "-w" "/opt/rustwide/workdir" "-m" "1610612736" "--user" "0:0" "--network" "none" "rustops/crates-build-env@sha256:d92eaeed33fa75130ca1ee6c8a01d1ffb62bac859dfdfb3450e3e5d1c0146529" "/opt/rustwide/cargo-home/bin/cargo" "+72f88fc4e9458f89516a0b8b0868f3718aec5b47" "metadata" "--no-deps" "--format-version=1", kill_on_drop: false }`
[INFO] [stdout] 719e6c24e6c999b78c91ade590ae3f9116c8d0864cb326c55bec14d5ad61e4f1
[INFO] [stderr] WARNING: Your kernel does not support swap limit capabilities or the cgroup is not mounted. Memory limited without swap.
[INFO] running `Command { std: "docker" "start" "-a" "719e6c24e6c999b78c91ade590ae3f9116c8d0864cb326c55bec14d5ad61e4f1", kill_on_drop: false }`
[INFO] running `Command { std: "docker" "inspect" "719e6c24e6c999b78c91ade590ae3f9116c8d0864cb326c55bec14d5ad61e4f1", kill_on_drop: false }`
[INFO] running `Command { std: "docker" "rm" "-f" "719e6c24e6c999b78c91ade590ae3f9116c8d0864cb326c55bec14d5ad61e4f1", kill_on_drop: false }`
[INFO] [stdout] 719e6c24e6c999b78c91ade590ae3f9116c8d0864cb326c55bec14d5ad61e4f1
[INFO] running `Command { std: "docker" "create" "-v" "/var/lib/crater-agent-workspace/builds/worker-12/target:/opt/rustwide/target:rw,Z" "-v" "/var/lib/crater-agent-workspace/builds/worker-12/source:/opt/rustwide/workdir:ro,Z" "-v" "/var/lib/crater-agent-workspace/cargo-home:/opt/rustwide/cargo-home:ro,Z" "-v" "/var/lib/crater-agent-workspace/rustup-home:/opt/rustwide/rustup-home:ro,Z" "-e" "SOURCE_DIR=/opt/rustwide/workdir" "-e" "CARGO_TARGET_DIR=/opt/rustwide/target" "-e" "CARGO_INCREMENTAL=0" "-e" "RUST_BACKTRACE=full" "-e" "RUSTFLAGS=--cap-lints=forbid" "-e" "CARGO_HOME=/opt/rustwide/cargo-home" "-e" "RUSTUP_HOME=/opt/rustwide/rustup-home" "-w" "/opt/rustwide/workdir" "-m" "1610612736" "--user" "0:0" "--network" "none" "rustops/crates-build-env@sha256:d92eaeed33fa75130ca1ee6c8a01d1ffb62bac859dfdfb3450e3e5d1c0146529" "/opt/rustwide/cargo-home/bin/cargo" "+72f88fc4e9458f89516a0b8b0868f3718aec5b47" "check" "--frozen" "--all" "--all-targets" "--message-format=json", kill_on_drop: false }`
[INFO] [stdout] 6d8411f977768ff72ab67606614c8b48bb42dfead86558c7b580ff2febf2e891
[INFO] [stderr] WARNING: Your kernel does not support swap limit capabilities or the cgroup is not mounted. Memory limited without swap.
[INFO] running `Command { std: "docker" "start" "-a" "6d8411f977768ff72ab67606614c8b48bb42dfead86558c7b580ff2febf2e891", kill_on_drop: false }`
[INFO] [stderr] warning: dependency (webrtc-sctp) specified without providing a local path, Git repository, or version to use. This will be considered an error in future versions
[INFO] [stderr]    Compiling libc v0.2.77
[INFO] [stderr]    Compiling autocfg v1.0.1
[INFO] [stderr]     Checking lazy_static v1.4.0
[INFO] [stderr]    Compiling log v0.4.11
[INFO] [stderr]    Compiling byteorder v1.3.4
[INFO] [stderr]     Checking futures v0.1.29
[INFO] [stderr]    Compiling maybe-uninit v2.0.0
[INFO] [stderr]     Checking scopeguard v1.1.0
[INFO] [stderr]     Checking slab v0.4.2
[INFO] [stderr]    Compiling typenum v1.12.0
[INFO] [stderr]    Compiling pkg-config v0.3.18
[INFO] [stderr]    Compiling cc v1.0.59
[INFO] [stderr]     Checking fnv v1.0.7
[INFO] [stderr]     Checking foreign-types-shared v0.1.1
[INFO] [stderr]     Checking tinyvec v0.3.4
[INFO] [stderr]    Compiling native-tls v0.2.4
[INFO] [stderr]    Compiling proc-macro2 v1.0.21
[INFO] [stderr]     Checking rand_core v0.4.2
[INFO] [stderr]     Checking matches v0.1.8
[INFO] [stderr]     Checking gimli v0.22.0
[INFO] [stderr]     Checking adler v0.2.3
[INFO] [stderr]    Compiling httparse v1.3.4
[INFO] [stderr]     Checking openssl-probe v0.1.2
[INFO] [stderr]     Checking ucd-util v0.1.8
[INFO] [stderr]    Compiling serde v1.0.116
[INFO] [stderr]    Compiling syn v1.0.41
[INFO] [stderr]     Checking opaque-debug v0.2.3
[INFO] [stderr]     Checking object v0.20.0
[INFO] [stderr]     Checking rustc-demangle v0.1.16
[INFO] [stderr]     Checking constant_time_eq v0.1.5
[INFO] [stderr]    Compiling ryu v1.0.5
[INFO] [stderr]     Checking quick-error v1.2.3
[INFO] [stderr]     Checking utf8-ranges v1.0.4
[INFO] [stderr]     Checking utf-8 v0.7.5
[INFO] [stderr]     Checking regex-syntax v0.6.18
[INFO] [stderr]    Compiling serde_derive v1.0.116
[INFO] [stderr]    Compiling serde_json v1.0.57
[INFO] [stderr]     Checking c_linked_list v1.1.1
[INFO] [stderr]     Checking itoa v0.4.6
[INFO] [stderr]     Checking foreign-types v0.3.2
[INFO] [stderr]     Checking thread_local v1.0.1
[INFO] [stderr]     Checking thread_local v0.3.6
[INFO] [stderr]     Checking block-padding v0.1.5
[INFO] [stderr]     Checking lock_api v0.3.4
[INFO] [stderr]    Compiling nom v4.2.3
[INFO] [stderr]     Checking unicode-bidi v0.3.4
[INFO] [stderr]     Checking rand_core v0.3.1
[INFO] [stderr]     Checking unicode-normalization v0.1.13
[INFO] [stderr]     Checking regex-syntax v0.5.6
[INFO] [stderr]     Checking humantime v1.3.0
[INFO] [stderr]    Compiling crossbeam-utils v0.7.2
[INFO] [stderr]    Compiling memoffset v0.5.5
[INFO] [stderr]    Compiling crossbeam-epoch v0.8.2
[INFO] [stderr]    Compiling miniz_oxide v0.4.2
[INFO] [stderr]    Compiling syn v0.11.11
[INFO] [stderr]     Checking aho-corasick v0.7.13
[INFO] [stderr]     Checking aho-corasick v0.6.10
[INFO] [stderr]    Compiling parking_lot_core v0.6.2
[INFO] [stderr]    Compiling parking_lot v0.9.0
[INFO] [stderr]     Checking smallvec v0.6.13
[INFO] [stderr]     Checking tokio-sync v0.1.8
[INFO] [stderr]     Checking tokio-timer v0.1.2
[INFO] [stderr]     Checking base64 v0.10.1
[INFO] [stderr]    Compiling quote v1.0.7
[INFO] [stderr]     Checking idna v0.1.5
[INFO] [stderr]     Checking iovec v0.1.4
[INFO] [stderr]     Checking num_cpus v1.13.0
[INFO] [stderr]     Checking net2 v0.2.35
[INFO] [stderr]     Checking rand v0.5.6
[INFO] [stderr]     Checking memchr v1.0.2
[INFO] [stderr]     Checking atty v0.2.14
[INFO] [stderr]     Checking time v0.1.44
[INFO] [stderr]     Checking get_if_addrs v0.5.3
[INFO] [stderr]    Compiling openssl-sys v0.9.58
[INFO] [stderr]     Checking bytes v0.4.12
[INFO] [stderr]     Checking futures-cpupool v0.1.8
[INFO] [stderr]     Checking tokio-executor v0.1.10
[INFO] [stderr]     Checking crossbeam-queue v0.2.3
[INFO] [stderr]     Checking nom v3.2.1
[INFO] [stderr]     Checking clap v2.33.3
[INFO] [stderr]     Checking generic-array v0.12.3
[INFO] [stderr]     Checking generic-array v0.9.0
[INFO] [stderr]     Checking mio v0.6.22
[INFO] [stderr]     Checking url v1.7.2
[INFO] [stderr]     Checking addr2line v0.13.0
[INFO] [stderr]     Checking tokio-current-thread v0.1.7
[INFO] [stderr]     Checking tokio-timer v0.2.13
[INFO] [stderr]     Checking crossbeam-deque v0.7.3
[INFO] [stderr]     Checking regex v1.3.9
[INFO] [stderr]     Checking digest v0.7.6
[INFO] [stderr]     Checking crypto-mac v0.5.2
[INFO] [stderr]     Checking tokio-io v0.1.13
[INFO] [stderr]     Checking input_buffer v0.2.0
[INFO] [stderr]     Checking block-buffer v0.7.3
[INFO] [stderr]     Checking digest v0.8.1
[INFO] [stderr]     Checking regex v0.2.11
[INFO] [stderr]     Checking tokio-threadpool v0.1.18
[INFO] [stderr]     Checking blake2 v0.7.1
[INFO] [stderr]    Compiling openssl v0.10.30
[INFO] [stderr]     Checking sha-1 v0.8.2
[INFO] [stderr]     Checking backtrace v0.3.50
[INFO] [stderr]     Checking mio-uds v0.6.8
[INFO] [stderr]     Checking candidateparser v0.2.0
[INFO] [stderr]     Checking tokio-reactor v0.1.12
[INFO] [stderr]     Checking tokio-codec v0.1.2
[INFO] [stderr]     Checking error-chain v0.10.0
[INFO] [stderr]     Checking tokio-fs v0.1.7
[INFO] [stderr]     Checking tokio-uds v0.2.7
[INFO] [stderr]     Checking tokio-tcp v0.1.4
[INFO] [stderr]     Checking tokio-udp v0.1.6
[INFO] [stderr]    Compiling derive-error-chain v0.10.1
[INFO] [stderr]     Checking env_logger v0.5.13
[INFO] [stderr]     Checking tokio v0.1.22
[INFO] [stderr]     Checking tokio-core v0.1.17
[INFO] [stderr]     Checking tokio-dns-unofficial v0.3.1
[INFO] [stderr]     Checking webrtc-sctp v0.0.0
[INFO] [stderr]     Checking dotenv v0.10.1
[INFO] [stderr]     Checking tokio-openssl v0.2.1
[INFO] [stderr]     Checking tokio-tls v0.2.1
[INFO] [stderr]     Checking tungstenite v0.6.1
[INFO] [stderr]     Checking tokio-tungstenite v0.6.0
[INFO] [stderr]     Checking webrtc-demo-client v0.1.0 (/opt/rustwide/workdir)
[INFO] [stdout] warning: use of deprecated macro `try`: use the `?` operator instead
[INFO] [stdout]    --> src/util.rs:165:9
[INFO] [stdout]     |
[INFO] [stdout] 165 |         try!(write!(f, "{}{:04x}: ", prefix, 0));
[INFO] [stdout]     |         ^^^
[INFO] [stdout]     |
[INFO] [stdout]     = note: `#[warn(deprecated)]` on by default
[INFO] [stdout] 
[INFO] [stdout] 
[INFO] [stdout] warning: use of deprecated macro `try`: use the `?` operator instead
[INFO] [stdout]    --> src/util.rs:168:9
[INFO] [stdout]     |
[INFO] [stdout] 168 |         try!(write!(f, "{}{:04x}: ", prefix, offset));
[INFO] [stdout]     |         ^^^
[INFO] [stdout] 
[INFO] [stdout] 
[INFO] [stdout] warning: use of deprecated macro `try`: use the `?` operator instead
[INFO] [stdout]    --> src/util.rs:181:13
[INFO] [stdout]     |
[INFO] [stdout] 181 |             try!(write!(f, "{:02x} ", b));
[INFO] [stdout]     |             ^^^
[INFO] [stdout] 
[INFO] [stdout] 
[INFO] [stdout] warning: use of deprecated macro `try`: use the `?` operator instead
[INFO] [stdout]    --> src/util.rs:184:13
[INFO] [stdout]     |
[INFO] [stdout] 184 |             try!(write!(f, "   "));
[INFO] [stdout]     |             ^^^
[INFO] [stdout] 
[INFO] [stdout] 
[INFO] [stdout] warning: use of deprecated macro `try`: use the `?` operator instead
[INFO] [stdout]    --> src/util.rs:189:13
[INFO] [stdout]     |
[INFO] [stdout] 189 |             try!(write!(
[INFO] [stdout]     |             ^^^
[INFO] [stdout] 
[INFO] [stdout] 
[INFO] [stdout] warning: use of deprecated macro `try`: use the `?` operator instead
[INFO] [stdout]    --> src/util.rs:201:13
[INFO] [stdout]     |
[INFO] [stdout] 201 |             try!(writeln!(f, ""));
[INFO] [stdout]     |             ^^^
[INFO] [stdout] 
[INFO] [stdout] 
[INFO] [stdout] warning: `...` range patterns are deprecated
[INFO] [stdout]    --> src/util.rs:193:29
[INFO] [stdout]     |
[INFO] [stdout] 193 |                     c @ 0x20...0x7E => c as char,
[INFO] [stdout]     |                             ^^^ help: use `..=` for an inclusive range
[INFO] [stdout]     |
[INFO] [stdout]     = note: `#[warn(ellipsis_inclusive_range_patterns)]` on by default
[INFO] [stdout] 
[INFO] [stdout] 
[INFO] [stdout] warning: use of deprecated macro `try`: use the `?` operator instead
[INFO] [stdout]    --> src/util.rs:165:9
[INFO] [stdout]     |
[INFO] [stdout] 165 |         try!(write!(f, "{}{:04x}: ", prefix, 0));
[INFO] [stdout]     |         ^^^
[INFO] [stdout]     |
[INFO] [stdout]     = note: `#[warn(deprecated)]` on by default
[INFO] [stdout] 
[INFO] [stdout] 
[INFO] [stdout] warning: use of deprecated macro `try`: use the `?` operator instead
[INFO] [stdout]    --> src/util.rs:168:9
[INFO] [stdout]     |
[INFO] [stdout] 168 |         try!(write!(f, "{}{:04x}: ", prefix, offset));
[INFO] [stdout]     |         ^^^
[INFO] [stdout] 
[INFO] [stdout] 
[INFO] [stdout] warning: use of deprecated macro `try`: use the `?` operator instead
[INFO] [stdout]    --> src/util.rs:181:13
[INFO] [stdout]     |
[INFO] [stdout] 181 |             try!(write!(f, "{:02x} ", b));
[INFO] [stdout]     |             ^^^
[INFO] [stdout] 
[INFO] [stdout] 
[INFO] [stdout] warning: use of deprecated macro `try`: use the `?` operator instead
[INFO] [stdout]    --> src/util.rs:184:13
[INFO] [stdout]     |
[INFO] [stdout] 184 |             try!(write!(f, "   "));
[INFO] [stdout]     |             ^^^
[INFO] [stdout] 
[INFO] [stdout] 
[INFO] [stdout] warning: use of deprecated macro `try`: use the `?` operator instead
[INFO] [stdout]    --> src/util.rs:189:13
[INFO] [stdout]     |
[INFO] [stdout] 189 |             try!(write!(
[INFO] [stdout]     |             ^^^
[INFO] [stdout] 
[INFO] [stdout] 
[INFO] [stdout] warning: use of deprecated macro `try`: use the `?` operator instead
[INFO] [stdout]    --> src/util.rs:201:13
[INFO] [stdout]     |
[INFO] [stdout] 201 |             try!(writeln!(f, ""));
[INFO] [stdout]     |             ^^^
[INFO] [stdout] 
[INFO] [stdout] 
[INFO] [stdout] warning: `...` range patterns are deprecated
[INFO] [stdout]    --> src/util.rs:193:29
[INFO] [stdout]     |
[INFO] [stdout] 193 |                     c @ 0x20...0x7E => c as char,
[INFO] [stdout]     |                             ^^^ help: use `..=` for an inclusive range
[INFO] [stdout]     |
[INFO] [stdout]     = note: `#[warn(ellipsis_inclusive_range_patterns)]` on by default
[INFO] [stdout] 
[INFO] [stdout] 
[INFO] [stdout] error[E0061]: this function takes 2 arguments but 1 argument was supplied
[INFO] [stdout]   --> src/peer.rs:72:34
[INFO] [stdout]    |
[INFO] [stdout] 72 |                 let sctp_stack = SctpStack::new_with_lower_layer(Box::new(lower_layer));
[INFO] [stdout]    |                                  ^^^^^^^^^^^^^^^^^^^^^^^^^^^^^^^ --------------------- supplied 1 argument
[INFO] [stdout]    |                                  |
[INFO] [stdout]    |                                  expected 2 arguments
[INFO] [stdout] 
[INFO] [stdout] 
[INFO] [stdout] error[E0061]: this function takes 2 arguments but 1 argument was supplied
[INFO] [stdout]   --> src/peer.rs:72:34
[INFO] [stdout]    |
[INFO] [stdout] 72 |                 let sctp_stack = SctpStack::new_with_lower_layer(Box::new(lower_layer));
[INFO] [stdout]    |                                  ^^^^^^^^^^^^^^^^^^^^^^^^^^^^^^^ --------------------- supplied 1 argument
[INFO] [stdout]    |                                  |
[INFO] [stdout]    |                                  expected 2 arguments
[INFO] [stdout] 
[INFO] [stdout] 
[INFO] [stdout] error[E0599]: no method named `clone` found for struct `AssociationHandle` in the current scope
[INFO] [stdout]    --> src/peer.rs:120:60
[INFO] [stdout]     |
[INFO] [stdout] 120 |                     let mut association_echo = association.clone();
[INFO] [stdout]     |                                                            ^^^^^ method not found in `AssociationHandle`
[INFO] [stdout] 
[INFO] [stdout] 
[INFO] [stdout] error[E0599]: no method named `clone` found for struct `AssociationHandle` in the current scope
[INFO] [stdout]    --> src/peer.rs:145:59
[INFO] [stdout]     |
[INFO] [stdout] 145 |                     let mut association_fun = association.clone();
[INFO] [stdout]     |                                                           ^^^^^ method not found in `AssociationHandle`
[INFO] [stdout] 
[INFO] [stdout] 
[INFO] [stdout] error[E0599]: no method named `clone` found for struct `AssociationHandle` in the current scope
[INFO] [stdout]    --> src/peer.rs:120:60
[INFO] [stdout]     |
[INFO] [stdout] 120 |                     let mut association_echo = association.clone();
[INFO] [stdout]     |                                                            ^^^^^ method not found in `AssociationHandle`
[INFO] [stdout] 
[INFO] [stdout] 
[INFO] [stdout] error[E0599]: no method named `clone` found for struct `AssociationHandle` in the current scope
[INFO] [stdout]    --> src/peer.rs:145:59
[INFO] [stdout]     |
[INFO] [stdout] 145 |                     let mut association_fun = association.clone();
[INFO] [stdout]     |                                                           ^^^^^ method not found in `AssociationHandle`
[INFO] [stdout] 
[INFO] [stdout] 
[INFO] [stdout] error: aborting due to 3 previous errors; 7 warnings emitted
[INFO] [stdout] 
[INFO] [stdout] 
[INFO] [stdout] Some errors have detailed explanations: E0061, E0599.
[INFO] [stdout] 
[INFO] [stdout] For more information about an error, try `rustc --explain E0061`.
[INFO] [stdout] 
[INFO] [stderr] error: could not compile `webrtc-demo-client`.
[INFO] [stderr] 
[INFO] [stderr] To learn more, run the command again with --verbose.
[INFO] [stderr] warning: build failed, waiting for other jobs to finish...
[INFO] [stdout] error: aborting due to 3 previous errors; 7 warnings emitted
[INFO] [stdout] 
[INFO] [stdout] 
[INFO] [stdout] Some errors have detailed explanations: E0061, E0599.
[INFO] [stdout] 
[INFO] [stdout] For more information about an error, try `rustc --explain E0061`.
[INFO] [stdout] 
[INFO] [stderr] error: build failed
[INFO] running `Command { std: "docker" "inspect" "6d8411f977768ff72ab67606614c8b48bb42dfead86558c7b580ff2febf2e891", kill_on_drop: false }`
[INFO] running `Command { std: "docker" "rm" "-f" "6d8411f977768ff72ab67606614c8b48bb42dfead86558c7b580ff2febf2e891", kill_on_drop: false }`
[INFO] [stdout] 6d8411f977768ff72ab67606614c8b48bb42dfead86558c7b580ff2febf2e891
